. Suppose -7*b = -3*o - 2*b + u, 2*b + 91 = o. Calculate the highest common divisor of o and 19.
19
Let l be (-1)/(-2*1/(-12)). Let k(g) = -g**3 - 6*g**2 - g + 2. Let q be k(l). What is the highest common divisor of q and 4?
4
Let z(a) = -a**3 - 12*a**2 + a + 180. Let o be z(-11). What is the greatest common factor of 15 and o?
3
Let j = 47 + -34. Let o be 52*(15/(-4) - (-19 - -15)). Calculate the greatest common factor of o and j.
13
Let z be 29/(-2) + 2/4. Let y = z + 20. Calculate the greatest common divisor of 9 and y.
3
Let s be (-3)/(-2)*(-8)/(-6). Suppose 1 = s*o + 7, -57 = -2*v + o. What is the highest common divisor of 27 and v?
27
Suppose 0 = 11*c - 625 - 1971. What is the greatest common factor of c and 8?
4
Let g = -26 - -37. Let p be (-4 - -3 - -2) + g. Suppose -92 = -4*f + 4*t, 3*f - 44 = -t - t. What is the highest common divisor of p and f?
6
Suppose 2*v - 6 + 0 = 0. Let g be (13/(15/v + -4))/1. Suppose 5*d - 4*h = -0*d + 49, h + 61 = 5*d. Calculate the highest common divisor of d and g.
13
Let i be (-97)/(-1) + -4 + (1 - 1). Calculate the highest common divisor of i and 3.
3
Suppose -828 = -3*r - 132. Suppose -5*q + 8 = -r. What is the highest common factor of 48 and q?
48
Suppose 2*t - t = -3*i - 117, 367 = -3*t - 5*i. Let y = 140 + t. Calculate the greatest common divisor of 275 and y.
11
Let g = 30 - 29. Suppose 3 = 2*b + 3*m, 0 + g = -3*b + m. Let k be (1 - b)/(-1) - -23. What is the greatest common divisor of k and 2?
2
Suppose -219 = -5*r - 4*m, -126 = -3*r - m + 4*m. Suppose -11*n = -r - 67. Calculate the highest common factor of n and 80.
10
Let w(p) = -61*p - 7. Let v be ((-1)/1)/((-2)/(-6)). Let c be w(v). Calculate the highest common factor of c and 16.
16
Suppose 4*i + 3*o = -2*o + 67, -i = -3*o - 4. Let k = 17 - i. Suppose 3*y = 2*w - 2, -4*y + w = -k*w + 12. What is the highest common divisor of 5 and y?
1
Let s = -18 + 19. Suppose 0 = 2*d - 205 + s. Suppose -d = -5*y - y. Calculate the greatest common divisor of 136 and y.
17
Let a(h) = -11*h + 5. Let p be a(0). What is the greatest common divisor of 505 and p?
5
Let k = -34 - -50. Suppose 0 = 5*n - k + 1. Suppose 3*v = 3, 3*v = -n*m + 8*v + 373. Calculate the highest common divisor of m and 14.
14
Let v = 226 + -218. What is the greatest common divisor of v and 8?
8
Let v(g) = 100*g**2 - g - 14. Let o be v(-3). What is the greatest common factor of o and 7?
7
Let j(a) = -2*a + 10. Let t be j(-10). Suppose 0 = -3*s - x + t, -2*x - 3*x = 0. What is the greatest common divisor of s and 80?
10
Let l be 2/((4/(-14))/(-2)). Let j = -15 - -12. Let f be 3/2*(-28)/j. Calculate the highest common divisor of l and f.
14
Suppose -5*k + 3*n + 1 + 0 = 0, 4*k - n = 5. Let i = 15 - k. What is the highest common factor of i and 13?
13
Suppose v = -5*i + 457, -198 - 65 = -3*i + 5*v. Suppose -4*p + 60 = -2*a, p - 4*p = -3*a - 51. What is the greatest common divisor of p and i?
13
Let u(x) = 2*x**2 - 24*x + 74. Let r be u(19). What is the greatest common factor of r and 204?
68
Let a = 6 + -4. Let o = -23 + 22. Let i be a + o + 33/3. What is the highest common divisor of i and 132?
12
Let p = 29 - -20. Suppose -2*f - 11 = -p. Let j = 37 - f. Calculate the greatest common factor of j and 3.
3
Let v = 4798 + -3151. Calculate the greatest common divisor of v and 27.
27
Suppose -3*s + 3*j + 123 = 0, 6*s + 129 = 9*s - 5*j. Calculate the highest common divisor of 2 and s.
2
Let k be (-3)/(18/44)*90/(-30). Let h = 107 - 63. What is the highest common divisor of h and k?
22
Let b = -35 + 63. Let q = 54 + -40. Let y(o) = o**2 - 10*o + 14. Let h be y(q). What is the greatest common divisor of b and h?
14
Suppose 2*w - 10 = -3*w. Suppose h = -l + 15, -5*h = -w*l + 16 + 7. Let n be (-4)/(-2) - 0/(-2). Calculate the greatest common factor of l and n.
2
Let h = -35 + 37. Let v(g) = g**2 + 4*g + 3. Let s be v(-4). Suppose 2 = -l + s. Calculate the highest common factor of l and h.
1
Suppose n + 2*i = 12, 0 = n - 0*n + i - 9. Suppose -4*t + n = -t. Suppose -5 = -3*b - 2*u + 3, 4*b - 6 = t*u. What is the highest common factor of 2 and b?
2
Let y be (-78)/(-351) + 1 + 844/9. Calculate the greatest common divisor of y and 513.
19
Let q = 248 - 133. What is the highest common factor of 23 and q?
23
Let m = -60 - -62. Suppose -4*k + 346 = m*q, -5*q = -4*k - q + 328. Calculate the greatest common divisor of k and 34.
17
Let b(h) = -h**2 - 10*h + 17. Let p be b(-10). Calculate the highest common divisor of 34 and p.
17
Suppose -44*q = -3*q - 164. Calculate the highest common divisor of q and 13.
1
Let s be (198/(-3) + 1)*128/(-16). What is the greatest common factor of s and 80?
40
Let x(s) = 18*s + 58. Let c be x(9). Calculate the highest common divisor of 88 and c.
44
Let m(c) = c**2 - c + 2. Let f be m(5). Let o = f + 14. Let x(t) = -24*t**2 + 52*t - 2. Let r be x(2). Calculate the highest common divisor of o and r.
6
Suppose 5*c - 2587 = -3*y, 4*y = c - 5*c + 3452. Let n be y/(-10) + 15/(-25). Let z be (-4)/18 - n/27. What is the highest common factor of z and 24?
3
Let z(l) = -90*l**3 - l - 1. Suppose 3*h = 5*m - 7 - 19, 3*h = -m - 2. Let y = m - 5. Let s be z(y). Calculate the highest common divisor of s and 60.
30
Let v = -5 + -5. Let y = -1 - v. Suppose 2*c + y = 3*c. What is the highest common divisor of c and 99?
9
Let r = -887 + 909. Calculate the highest common factor of 451 and r.
11
Let y be (69/(-46))/(2/8) - -134. Calculate the greatest common factor of y and 96.
32
Suppose 3*n - 4*n - 2*r = -115, 0 = -2*n - 2*r + 232. Calculate the greatest common factor of n and 13.
13
Suppose -1166*g - 618 = -1169*g. Calculate the highest common divisor of 2 and g.
2
Suppose 0 = 5*g - 29 + 9. Suppose 5*y - 35 = -2*f - 3, g*f - 3*y - 64 = 0. Calculate the greatest common divisor of 144 and f.
16
Let o be (1 - 24/(-8))*66. What is the highest common factor of o and 12?
12
Suppose 4*y + 30 = -2*m, 11 + 10 = -4*y - 5*m. Let t be 2/y - (-940)/18. What is the greatest common factor of 78 and t?
26
Let h = 12 + -24. Let r be (-135)/(-6)*16/12. Let a = r - h. What is the highest common divisor of 28 and a?
14
Let x be (-1)/(10/(-45)*3/6). Calculate the greatest common divisor of 9 and x.
9
Suppose -3*r - 1 = -4*r, 1218 = 4*y + 2*r. Calculate the highest common factor of y and 16.
16
Suppose 17*l - 19*l = -36. What is the highest common divisor of l and 801?
9
Let p(j) = -6*j - 3. Let a be p(-5). Let r = a - 8. Let w be (133/(-2))/(2/(-4)). Calculate the greatest common divisor of r and w.
19
Suppose 0 = 5*v - v - 32. Let p be (0 - v/(-12))*99. Suppose 0*o = -2*y + 3*o + p, -5*o - 128 = -4*y. Calculate the highest common factor of y and 18.
9
Let y be ((-122)/6)/((-10)/(-15))*-34. What is the highest common factor of y and 122?
61
Suppose 10 = 4*q + 5*t, 4 = -4*t - 4. Let c = 60 - q. Calculate the greatest common factor of 22 and c.
11
Let v(c) = c**3 - 14*c**2 + 46*c - 8. Let r be v(9). Let s = 2 + 0. What is the greatest common factor of s and r?
1
Suppose -2*t - 45 = -253. Let g = 3 + -2. Let n = 12 + g. What is the highest common divisor of t and n?
13
Let o = -17 - -45. Let a(t) = t**3 + 22*t**2 - 54*t - 32. Let c be a(-24). What is the greatest common factor of c and o?
28
Suppose 2*f = 2*q - 40, 3*q - 2*f - 50 = -f. What is the greatest common factor of 15 and q?
15
Let v be (-2)/(-10) + 171/45. Calculate the highest common factor of 10 and v.
2
Suppose 4*x = -5*w + 193, -5*x - 4*w = -10*x + 231. What is the highest common factor of 235 and x?
47
Let s(n) = 78*n - 3. Let q be s(2). Let r(w) = -w**2 - 28*w - 130. Let l be r(-21). What is the greatest common factor of q and l?
17
Let x = -467 - -563. What is the greatest common factor of x and 448?
32
Let v = 49 - 19. Suppose c = -16 + v. What is the highest common divisor of c and 7?
7
Suppose -11*b + 3*b + 136 = 0. Let x(q) = 8*q + 40. Let l be x(b). What is the highest common factor of 22 and l?
22
Let r(q) = 28*q - 162. Let a be r(9). What is the highest common divisor of 18 and a?
18
Let z be (-116)/(-19) - (-24)/(-228). Calculate the highest common factor of 24 and z.
6
Suppose -5*a + 98 = 4*m - 230, 0 = -3*a + 5*m + 182. Calculate the greatest common factor of 416 and a.
32
Suppose 3*r + 8 = -1, 4*v - 45 = -r. Let c be v/(-9)*72/(-16). Calcula